201?
False
Is 32 a factor of 256?
True
Does 245 divide 46795?
True
Does 36 divide 2448?
True
Is 14538 a multiple of 168?
False
Is 288 a factor of 37728?
True
Does 80 divide 2160?
True
Is 42 a factor of 1572?
False
Is 32 a factor of 480?
True
Does 9 divide 4270?
False
Is 177 a factor of 5133?
True
Is 7504 a multiple of 47?
False
Does 17 divide 85?
True
Is 15052 a multiple of 12?
False
Is 11 a factor of 139?
False
Does 75 divide 575?
False
Does 14 divide 4564?
True
Is 1568 a multiple of 28?
True
Is 2 a factor of 352?
True
Is 1940 a multiple of 97?
True
Does 6 divide 33?
False
Is 6 a factor of 218?
False
Is 7674 a multiple of 29?
False
Does 238 divide 39416?
False
Is 1716 a multiple of 57?
False
Is 14 a factor of 5152?
True
Is 21 a factor of 7401?
False
Does 10 divide 33285?
False
Is 26 a factor of 1144?
True
Is 186 a multiple of 31?
True
Is 14 a factor of 761?
False
Is 402 a multiple of 24?
False
Does 3 divide 1426?
False
Does 5 divide 268?
False
Is 77 a factor of 17248?
True
Is 1023 a multiple of 33?
True
Is 99 a factor of 37166?
False
Is 372 a factor of 124620?
True
Is 82 a factor of 4868?
False
Is 15 a factor of 665?
False
Is 31 a factor of 279?
True
Is 9 a factor of 1548?
True
Does 103 divide 38471?
False
Is 1647 a multiple of 15?
False
Does 11 divide 539?
True
Is 1450 a multiple of 29?
True
Does 11 divide 748?
True
Does 64 divide 45632?
True
Is 16 a factor of 35540?
False
Is 268 a multiple of 12?
False
Is 2997 a multiple of 111?
True
Does 20 divide 20?
True
Does 38 divide 57495?
False
Is 243 a multiple of 120?
False
Is 19 a factor of 1026?
True
Is 5 a factor of 285?
True
Does 5 divide 32?
False
Is 1624 a multiple of 4?
True
Is 33370 a multiple of 47?
True
Is 2 a factor of 60?
True
Does 9 divide 60442?
False
Does 9 divide 371?
False
Is 13 a factor of 699?
False
Is 39498 a multiple of 29?
True
Is 126168 a multiple of 212?
False
Is 21 a factor of 42?
True
Is 107822 a multiple of 22?
True
Is 16035 a multiple of 49?
False
Is 5 a factor of 12425?
True
Is 3 a factor of 75?
True
Is 11456 a multiple of 73?
False
Is 13 a factor of 35641?
False
Does 60 divide 1020?
True
Does 63 divide 13923?
True
Is 29 a factor of 688?
False
Does 15 divide 8880?
True
Does 60 divide 2841?
False
Does 10 divide 1370?
True
Is 57 a factor of 272?
False
Is 16050 a multiple of 214?
True
Is 1128 a multiple of 24?
True
Does 104 divide 5720?
True
Does 8 divide 89?
False
Does 113 divide 6328?
True
Is 18150 a multiple of 30?
True
Does 31 divide 558?
True
Does 16 divide 48576?
True
Does 5 divide 35?
True
Is 114 a factor of 6913?
False
Is 36 a multiple of 15?
False
Is 2639 a multiple of 13?
True
Is 2 a factor of 116?
True
Does 74 divide 6956?
True
Does 43 divide 5063?
False
Does 11 divide 7546?
True
Is 105 a factor of 12393?
False
Is 14 a factor of 43559?
False
Does 41 divide 1476?
True
Does 63 divide 2709?
True
Is 12 a factor of 19056?
True
Does 5 divide 3040?
True
Is 7 a factor of 1494?
False
Does 3 divide 189?
True
Is 12 a factor of 37956?
True
Is 47863 a multiple of 5?
False
Does 34 divide 16150?
True
Does 34 divide 782?
True
Is 1276 a multiple of 60?
False
Is 728 a multiple of 4?
True
Does 65 divide 56940?
True
Does 58 divide 174?
True
Is 225 a factor of 49185?
False
Is 12 a factor of 76?
False
Does 19 divide 1613?
False
Is 23 a factor of 144?
False
Is 5976 a multiple of 219?
False
Is 278 a multiple of 24?
False
Does 31 divide 1891?
True
Does 50 divide 4900?
True
Does 42 divide 84?
True
Is 48 a factor of 1631?
False
Does 15 divide 7395?
True
Is 28 a factor of 438?
False
Is 18 a factor of 1854?
True
Does 27 divide 1835?
False
Is 363 a multiple of 9?
False
Is 158 a factor of 88876?
False
Is 545 a multiple of 26?
False
Does 26 divide 944?
False
Is 21 a factor of 438?
False
Is 12600 a multiple of 45?
True
Does 13 divide 22693?
False
Does 55 divide 495?
True
Is 42168 a multiple of 54?
False
Is 33 a factor of 3993?
True
Is 34 a factor of 57363?
False
Is 6 a factor of 10218?
True
Is 720 a multiple of 10?
True
Is 3 a factor of 173?
False
Is 15 a factor of 24967?
False
Is 9197 a multiple of 37?
False
Is 1459 a multiple of 10?
False
Does 7 divide 997?
False
Does 18 divide 130?
False
Is 11928 a multiple of 25?
False
Does 24 divide 1454?
False
Is 24 a factor of 2208?
True
Is 51943 a multiple of 127?
True
Does 26 divide 10831?
False
Does 7 divide 272?
False
Does 30 divide 11190?
True
Is 221 a multiple of 13?
True
Is 1085 a multiple of 31?
True
Is 17 a factor of 2408?
False
Is 2 a factor of 382?
True
Is 8 a factor of 6543?
False
Is 8 a factor of 254?
False
Is 1331 a multiple of 14?
False
Is 7589 a multiple of 9?
False
Is 1345 a multiple of 25?
False
Is 793 a multiple of 13?
True
Does 9 divide 8883?
True
Is 33 a factor of 4125?
True
Is 10839 a multiple of 65?
False
Does 27 divide 5346?
True
Is 531 a multiple of 59?
True
Is 140315 a multiple of 43?
False
Does 58 divide 4872?
True
Does 251 divide 1930?
False
Is 75 a factor of 300?
True
Does 15 divide 1920?
True
Does 12 divide 3048?
True
Is 13197 a multiple of 159?
True
Is 540 a multiple of 18?
True
Is 3 a factor of 288?
True
Does 37 divide 12950?
True
Does 4 divide 1149?
False
Does 90 divide 23334?
False
Is 8471 a multiple of 35?
False
Does 33 divide 319?
False
Is 98 a multiple of 5?
False
Is 484 a multiple of 44?
True
Is 49464 a multiple of 99?
False
Does 14 divide 9212?
True
Is 12 a factor of 351?
False
Does 16 divide 3392?
True
Is 1833 a multiple of 23?
False
Is 29533 a multiple of 32?
False
Is 23 a factor of 21736?
False
Is 112 a multiple of 4?
True
Does 47 divide 24957?
True
Does 9 divide 810?
True
Is 1236 a multiple of 12?
True
Does 22 divide 660?
True
Is 1575 a multiple of 45?
True
Is 35 a factor of 68498?
False
Is 253 a multiple of 28?
False
Is 15 a factor of 336?
False
Is 38355 a multiple of 15?
True
Is 1046 a multiple of 82?
False
Is 970 a multiple of 5?
True
Does 12 divide 50892?
True
Does 52 divide 37700?
True
Does 65 divide 3315?
True
Is 4038 a multiple of 6?
True
Is 267 a multiple of 15?
False
Is 16 a factor of 384?
True
Does 97 divide 7663?
True
Does 18 divide 338?
False
Is 25 a factor of 1665?
False
Does 9 divide 612?
True
Is 7 a factor of 2612?
False
Is 32 a factor of 4793?
False
Is 2594 a multiple of 31?
False
Is 11 a factor of 3113?
True
Is 373 a multiple of 31?
False
Does 7 divide 2899?
False
Is 1078 a multiple of 145?
False
Is 29 a factor of 1334?
True
Does 28 divide 280?
True
Does 7 divide 354?
False
Is 4526 a multiple of 62?
True
Is 67 a factor of 1474?
True
Is 660 a multiple of 66?
True
Is 308 a multiple of 22?
True
Is 12 a factor of 21270?
False
Does 18 divide 488?
False
Is 18 a factor of 4950?
True
Is 4128 a multiple of 35?
False
Does 7 divide 68?
False
Is 167 a multiple of 4?
False
Is 3860 a multiple of 10?
True
Is 102 a factor of 5655?
False
Is 1065 a multiple of 109?
False
Is 1536 a multiple of 144?
False
Is 7664 a multiple of 49?
False
Is 29 a factor of 10784?
False
Is 550 a multiple of 11?
True
Is 9 a factor of 243?
True
Is 20 a factor of 1620?
True
Is 9504 a multiple of 18?
True
Is 1208 a multiple of 63?
False
Is 3517 a multiple of 2?
False
Is 3311 a multiple of 6?
False
Does 4 divide 388?
True
Does 13 divide 3861?
True
Is 1252 a multiple of 4?
True
Is 23650 a multiple of 50?
True
Does 20 divide 1609?
False
Is 133 a multiple of 10?
False
Is 67 a factor of 268?
True
Does 12 divide 12156?
True
Is 9894 a multiple of 34?
True
Is 13 a factor of 906?
False
Does 63 divide 8442?
True
Is 12840 a multiple of 60?
True
Is 1415 a multiple of 17?
False
Is 5 a factor of 315?
True
Is 7 a factor of 16104?
False
Is 1860 a multiple of 15?
True
Does 87 divide 750?
False
Is 6 a factor of 1685?
False
Is 10 a factor of 117?
False
Is 94 a factor of 846?
True
Is 29 a factor of 5336?
True
Is 79 a factor of 257?
False
Does 68 divide 4707?
False
Is 9604 a multiple of 5?
False
Is 25 a factor of 25900?
True
Does 4 divide 1112?
True
Is 319 a multiple of 11?
True
Is 48 a multiple of 3?
True
Does 10 divide 1756?
False
Is 51304 a multiple of 24?
False
Is 10 a multiple of 3?
False
Does 57 divide 1025?
False
Is 16 a factor of 16384?
True
Does 17 divide 18190?
True
Does 5 divide 339?
False
Is 37 a factor of 5061?
False
Does 54 divide 2700?
True
Does 3 divide 181?
False
Does 89 divide 14151?
True
Is 122 a multiple of 3?
False
Is 215 a factor of